 = -92 - x. Is u a prime number?
False
Suppose -118 - 2397 = -5*b. Is b composite?
False
Suppose -2*w = 5*y - 945, 1935 = 3*w + w + y. Is w a prime number?
False
Suppose x - 4*x = 9. Let r = 5 - -2. Let u = r - x. Is u prime?
False
Let b(q) = -2*q**2 - q. Let s be b(1). Let n be (-1)/(s/330) - 0. Suppose -k = g - n, -g + 3*g = -5*k + 223. Is g composite?
False
Let y = -175 + 254. Is y a composite number?
False
Suppose 2 = 3*w - 4. Suppose 1 = w*a - 153. Is a a composite number?
True
Suppose g + l - 9 = -g, g = 5*l - 23. Suppose 3*q = g*q + 19. Is q a composite number?
False
Suppose -5*f + f + 112 = 3*o, -o + 5*f = -69. Let j be (-1)/(0 + 1/(-3)). Suppose -v + j*v = o. Is v composite?
True
Suppose -3*q = 3*r - 3, -3*r - 3*q + 4 = -q. Suppose -r*u + 10 = -7*u. Is 22*(-1 - (0 + u)) composite?
True
Let n(k) = 2*k**3 - 19*k**2 - 7*k + 19. Is n(12) a composite number?
True
Let g be 0*1*3/(-3). Suppose 156 = -g*c + 4*c. Is c a composite number?
True
Suppose -2*r + 674 = -0*r. Is r a prime number?
True
Let f = 10 - 9. Is (200 - 2 - -4) + f a composite number?
True
Let s = 9 + -8. Let t(k) = 43*k**2 - 2*k - 4. Let z(q) = q**2 - 1. Let w(a) = s*t(a) - 3*z(a). Is w(2) a composite number?
True
Suppose -3*q = 3*k - 1350, k + 893 = 2*q - 4*k. Is q a prime number?
True
Let p(w) = 131*w**3 - 7*w**2 - 7. Let m(u) = 44*u**3 - 2*u**2 - 2. Let g(r) = -7*m(r) + 2*p(r). Is g(-1) prime?
False
Let b be (-50)/(-5)*(-18)/(-5). Let f = b + -14. Is f a composite number?
True
Let v = 117 + -37. Let s(r) = -10*r**2 + r - 1. Let b be s(-2). Let u = v + b. Is u a composite number?
False
Let k(y) be the third derivative of -3*y**4/8 - y**3/6 + 2*y**2. Is k(-6) prime?
True
Suppose -64 = 3*a + 14. Let k = a - -72. Is k a prime number?
False
Let p be -2 - (-74)/(-4)*-2. Let l = p + -20. Is l a prime number?
False
Suppose 4*w = -0*z - 2*z - 38, w - 5*z = -4. Let r(v) = -v**2 - 12*v - 4. Is r(w) a composite number?
False
Let s = -19 + 116. Suppose 0 = 5*q - 15, 3*q - 117 = -4*j - 300. Let d = s + j. Is d prime?
False
Let x = -372 + 671. Is x composite?
True
Suppose 0 = -q - q + 1162. Let z = q + -44. Is z composite?
True
Suppose 16 = -3*w - 20. Let j be 3 + (w - (-3 + 0)). Let n(p) = -p**3 - 3*p**2 + 6*p + 7. Is n(j) a composite number?
False
Let y be (2/(-6))/(3/(-9)). Let j(a) = a**2 - 4*a - 2. Let c be j(5). Is (c + -221)/(-1 - y) prime?
True
Let g(s) = -115*s**3 - 1. Let m be g(-1). Let z = -35 + m. Is z a composite number?
False
Suppose -10*i + 5*i + 5975 = 0. Is i composite?
True
Let d(h) = -9*h**3 - 5*h**2 + h. Let u be d(-5). Suppose -2*f + 7*f - u = 0. Is f a prime number?
True
Let u(x) = 16*x + 11. Is u(7) composite?
True
Let w(z) = 161*z**2 - 2*z + 1. Is w(2) prime?
True
Let t(b) = 251*b**3 + 2*b - 2. Is t(1) a prime number?
True
Let a = 3 - 3. Suppose 3*x + a*x = 522. Suppose -3*i = -3*u + 285, i = 2*u + 3*i - x. Is u a composite number?
True
Let j(k) = -66*k**3 + k**2 + 3*k - 5. Let n(o) = -132*o**3 + 2*o**2 + 7*o - 11. Let t(x) = 9*j(x) - 4*n(x). Let y be (-2)/(-4)*2 - 2. Is t(y) a prime number?
True
Let q = 8 + -14. Let w(z) = -60*z + 4. Let i be w(q). Let f = -201 + i. Is f a composite number?
False
Let p(v) be the second derivative of 107*v**3/6 - 3*v**2/2 + 4*v. Is p(2) a composite number?
False
Suppose 32 = r - 3*r. Is 12/r - 199/(-4) prime?
False
Suppose -5*z + z - 144 = -4*x, -x + 2*z = -41. Let k = -17 + x. Is k composite?
True
Suppose 0 = -5*t + 5*k + 2670, 2*t + 2*k - 1033 = -3*k. Is t prime?
False
Let u(q) = q**2 - 3*q - 7. Let j be u(5). Suppose 0 = -j*a - 2*n + 21, -2*a + 2*n + 7 = -a. Let l(c) = c + 3. Is l(a) a prime number?
False
Is 10/(-40) - (-437)/4 a prime number?
True
Suppose 3*y - 569 - 4 = 0. Is y a prime number?
True
Suppose -5*f - 1 = 39. Let x = -8 - f. Suppose -4*p - 20 = 0, 0 = -4*k + 5*p - x*p + 165. Is k a composite number?
True
Let o(a) = -a**2 + a + 1361. Is o(0) composite?
False
Is ((-4246)/(-4) - 3) + (-3)/2 a composite number?
True
Let h = 7 + 0. Is h a prime number?
True
Let n be 26/(-4) - (-2)/4. Suppose 0 = 4*k - k - 141. Let z = k - n. Is z a composite number?
False
Suppose -35 = -3*y + 2*o, 3*y + 0*y = -3*o + 30. Suppose 0 = w - 50 + y. Is w composite?
True
Suppose 8382 = -7*h + 13*h. Is h composite?
True
Let w(a) = a. Let f be w(2). Suppose -185 = -7*j + f*j. Is j composite?
False
Suppose 2*o + 6 = 2*b, -2*b - o = -0 + 9. Is 58/3 + b/6 prime?
True
Is -586*((-7)/(-2))/(-7) a composite number?
False
Suppose -3*u + 21 = -2*d - d, -3 = 3*u + 3*d. Suppose -k + 8 = u*k. Suppose k*m - 4*m + 12 = s, -8 = -2*m. Is s composite?
True
Let g be 20 - (3 + -3)*-1. Suppose 0*r + 5*r - 95 = 4*o, 4*o = g. Is r composite?
False
Suppose -5*n - 2960 = -605. Is ((-5)/5)/(3/n) a prime number?
True
Let m(t) = -t**3 + 6*t**2 - t + 6. Let n be m(6). Suppose y + y - 16 = n. Let s(g) = g**3 - 9*g**2 + 9*g - 2. Is s(y) a prime number?
False
Let a(v) be the second derivative of -3*v**5/20 + v**4/2 - 2*v**3/3 - 2*v**2 + v. Let d be a(4). Let s = d + 205. Is s a prime number?
True
Let d(p) = 21*p - 3. Let m(s) = 32*s - 5. Let i be (-12)/2*(-4)/(-3). Let v(h) = i*d(h) + 5*m(h). Is v(-7) prime?
False
Is (870/(-45))/(4/(-30)) a prime number?
False
Suppose 5*w + 46 - 486 = -z, -460 = -5*w + 3*z. Let x = -58 + w. Is x prime?
True
Suppose 4*a = -a + 25. Suppose a*j = 3*v + 13 + 154, 4*v = -3*j + 77. Is j a composite number?
False
Let g(l) = -29*l + 6. Let v = -23 + 14. Is g(v) composite?
True
Suppose 34 + 44 = 3*i. Is i prime?
False
Let g(i) = -321*i + 23. Let a(h) = -107*h + 8. Let z(k) = 11*a(k) - 4*g(k). Is z(3) a prime number?
True
Let u = -124 - -1211. Is u composite?
False
Suppose 0 = -2*w - 0*w + 10174. Is w a prime number?
True
Let t(g) = -g**3 + 2*g + 487. Is t(0) a composite number?
False
Let y = -212 - -543. Is y a prime number?
True
Suppose 0*c + 4*c - 532 = 0. Let x = 265 - c. Suppose 3*s - 747 = k + x, 879 = 3*s + 4*k. Is s prime?
True
Suppose -8 - 4 = -4*m. Let z be 3 - (378/m - 3). Let a = z + 215. Is a a prime number?
False
Let t(n) = -n**3 - 4*n**2 + 13*n. Let s be t(-6). Is 844/(-6)*9/s a prime number?
True
Suppose -8*c + 11*c = 561. Is c composite?
True
Let h = -6 - -9. Suppose 3 = -h*r + 12. Suppose -2*p = r*p - 70. Is p a prime number?
False
Suppose 5*a + 80 - 1335 = 0. Is a composite?
False
Let k(r) = 47*r**2 - r + 3. Suppose 4*q = 24 - 4. Let n be k(q). Suppose 3*z + 4*m = n, -z = 2*m + 161 - 550. Is z a prime number?
False
Suppose 0*h - 2*h - 42 = -3*f, -54 = -3*f - 2*h. Let s = -12 + 19. Let v = f - s. Is v a composite number?
True
Suppose -5*i + 2*w = w - 1795, -3*w = 3*i - 1059. Is i prime?
False
Let y(b) = -363*b + 10. Is y(-3) composite?
True
Suppose 3*n + 2*n = 1985. Is n composite?
False
Let a be -18*(14/(-4) + 3). Is (-6)/a + 1270/6 a prime number?
True
Suppose 5*y = -0*r - 3*r + 24, -y + 4*r = -14. Is y prime?
False
Let a = 610 + -363. Is a a composite number?
True
Is 2*1*4172/8 composite?
True
Suppose 128*q - 131*q = -6543. Is q a prime number?
False
Let p(z) = 79*z**3 + z + 1. Let o be p(-1). Let t = 220 + o. Is t a prime number?
False
Let n(s) = s**3 - 4*s**2 + 2*s + 3. Let o be n(4). Let q be 3/(-3)*o/(-1). Let f = 22 - q. Is f composite?
False
Let r be (-6)/15*(-2 - 3). Suppose 5*d = -3*n + 75, -7 = d + r*n + 3*n. Is 338/d - (-10)/45 composite?
False
Suppose 0 = 4*t + t - 4*y - 167, 121 = 4*t + y. Is t a prime number?
True
Let z = -170 - -499. Is z a prime number?
False
Let k be 15/(-10)*4/3. Is 156 - (1 + -2 - k) composite?
True
Let a = 1097 + -638. Suppose -4*t = 3*h - a, 0*t + 3*t + 480 = 3*h. Is h prime?
True
Suppose 2*u + 2*u = 3*w + 221, -u = -3*w - 62. Is u prime?
True
Suppose 5*q + 5 - 30 = 0. Suppose -q*h + 3*h + 30 = 0. Is h a composite number?
True
Let q be 6/((-2)/((-8)/6)). Suppose 314 = 2*j - q*m - 100, -10 = -5*m. Is j composite?
False
Let j(d) = -5*d**2 + d - 1. Suppose 1 + 4 = 5*w. Let k be j(w). Let m = 10 - k. Is m a composite number?
True
Suppose 13*j - 1221 - 313 = 0. Is j composite?
True
Suppose 4*k + 5*y + 3 = 6*y, -2*y + 6 = 2*k. Suppose -v - 1 + 2 = z, -v + 2*z + 13 = k. Suppose 0*a - v*a + 245 = 0. Is a composite?
True
Let w = -251 - -513. Is w a composite number?
True
Let c(w) = w**3 + 6*w**2 + 2*w - 3. Let s be -11 + 2/1 + -3. Let l be (4/(-6))/((-2)/s). Is c(l) prime?
False
Let k = -61 - -25.